{"id":158,"date":"2021-10-24T22:38:17","date_gmt":"2021-10-24T22:38:17","guid":{"rendered":"https:\/\/rovynapp.com\/colegioeccleston.rovynapp.com\/?page_id=158"},"modified":"2021-12-22T16:09:42","modified_gmt":"2021-12-22T16:09:42","slug":"niveles","status":"publish","type":"page","link":"https:\/\/rovynapp.com\/colegioeccleston.rovynapp.com\/niveles\/","title":{"rendered":"Nivel Inicial"},"content":{"rendered":"\t\t<div data-elementor-type=\"wp-page\" data-elementor-id=\"158\" class=\"elementor elementor-158\">\n\t\t\t\t\t\t\t\t\t<section class=\"elementor-section elementor-top-section elementor-element elementor-element-b301f5f elementor-section-boxed elementor-section-height-default elementor-section-height-default\" data-id=\"b301f5f\" data-element_type=\"section\">\n\t\t\t\t\t\t\t<div class=\"elementor-background-overlay\"><\/div>\n\t\t\t\t\t\t\t<div class=\"elementor-container elementor-column-gap-default\">\n\t\t\t\t\t<div class=\"elementor-column elementor-col-100 elementor-top-column elementor-element elementor-element-b340eae\" data-id=\"b340eae\" data-element_type=\"column\">\n\t\t\t<div class=\"elementor-widget-wrap elementor-element-populated\">\n\t\t\t\t\t\t\t\t<div class=\"elementor-element elementor-element-8b798f1 elementor-widget elementor-widget-heading\" data-id=\"8b798f1\" data-element_type=\"widget\" data-widget_type=\"heading.default\">\n\t\t\t\t<div class=\"elementor-widget-container\">\n\t\t\t<style>\/*! elementor - v3.6.5 - 27-04-2022 *\/\n.elementor-heading-title{padding:0;margin:0;line-height:1}.elementor-widget-heading .elementor-heading-title[class*=elementor-size-]>a{color:inherit;font-size:inherit;line-height:inherit}.elementor-widget-heading .elementor-heading-title.elementor-size-small{font-size:15px}.elementor-widget-heading .elementor-heading-title.elementor-size-medium{font-size:19px}.elementor-widget-heading .elementor-heading-title.elementor-size-large{font-size:29px}.elementor-widget-heading .elementor-heading-title.elementor-size-xl{font-size:39px}.elementor-widget-heading .elementor-heading-title.elementor-size-xxl{font-size:59px}<\/style><h4 class=\"elementor-heading-title elementor-size-default\">NIVEL INICIAL<\/h4>\t\t<\/div>\n\t\t\t\t<\/div>\n\t\t\t\t\t<\/div>\n\t\t<\/div>\n\t\t\t\t\t\t\t<\/div>\n\t\t<\/section>\n\t\t\t\t<section class=\"elementor-section elementor-top-section elementor-element elementor-element-4e90605 elementor-section-content-middle elementor-reverse-mobile elementor-section-boxed elementor-section-height-default elementor-section-height-default\" data-id=\"4e90605\" data-element_type=\"section\" data-settings=\"{&quot;background_background&quot;:&quot;classic&quot;}\">\n\t\t\t\t\t\t\t<div class=\"elementor-background-overlay\"><\/div>\n\t\t\t\t\t\t\t<div class=\"elementor-container elementor-column-gap-no\">\n\t\t\t\t\t<div class=\"elementor-column elementor-col-50 elementor-top-column elementor-element elementor-element-6b75c4e0\" data-id=\"6b75c4e0\" data-element_type=\"column\">\n\t\t\t<div class=\"elementor-widget-wrap elementor-element-populated\">\n\t\t\t\t\t\t\t\t<div class=\"elementor-element elementor-element-29361fed elementor-widget elementor-widget-text-editor\" data-id=\"29361fed\" data-element_type=\"widget\" data-widget_type=\"text-editor.default\">\n\t\t\t\t<div class=\"elementor-widget-container\">\n\t\t\t<style>\/*! elementor - v3.6.5 - 27-04-2022 *\/\n.elementor-widget-text-editor.elementor-drop-cap-view-stacked .elementor-drop-cap{background-color:#818a91;color:#fff}.elementor-widget-text-editor.elementor-drop-cap-view-framed .elementor-drop-cap{color:#818a91;border:3px solid;background-color:transparent}.elementor-widget-text-editor:not(.elementor-drop-cap-view-default) .elementor-drop-cap{margin-top:8px}.elementor-widget-text-editor:not(.elementor-drop-cap-view-default) .elementor-drop-cap-letter{width:1em;height:1em}.elementor-widget-text-editor .elementor-drop-cap{float:left;text-align:center;line-height:1;font-size:50px}.elementor-widget-text-editor .elementor-drop-cap-letter{display:inline-block}<\/style>\t\t\t\tSomos conscientes que el ingreso y la adaptaci\u00f3n al mundo de la escolarizaci\u00f3n es un paso muy importante para la familia, adultos y ni\u00f1os.\n\nEs por eso que desde nuestra vasta trayectoria y pasi\u00f3n por la ense\u00f1anza podemos afirmarles que:\n<br><br>\n-Este es sin duda un momento que marcar\u00e1 el futuro de sus hijos, personal y socialmente. Sus primeros pasitos en el mundo de la educaci\u00f3n. Nada mejor que sean firmes, seguros y acompa\u00f1ados.\n<br><br>\n-En el Nivel Inicial (Maternal y Jard\u00edn de Infantes), estamos en constante proceso de observaci\u00f3n y evaluaci\u00f3n, para poder acompa\u00f1arlos y ayudarlos en su correcta adaptaci\u00f3n.\t\t\t\t\t\t<\/div>\n\t\t\t\t<\/div>\n\t\t\t\t\t<\/div>\n\t\t<\/div>\n\t\t\t\t<div class=\"elementor-column elementor-col-50 elementor-top-column elementor-element elementor-element-14493010\" data-id=\"14493010\" data-element_type=\"column\">\n\t\t\t<div class=\"elementor-widget-wrap elementor-element-populated\">\n\t\t\t\t\t\t\t\t<div class=\"elementor-element elementor-element-26ca6e99 elementor-widget elementor-widget-image\" data-id=\"26ca6e99\" data-element_type=\"widget\" data-widget_type=\"image.default\">\n\t\t\t\t<div class=\"elementor-widget-container\">\n\t\t\t<style>\/*! elementor - v3.6.5 - 27-04-2022 *\/\n.elementor-widget-image{text-align:center}.elementor-widget-image a{display:inline-block}.elementor-widget-image a img[src$=\".svg\"]{width:48px}.elementor-widget-image img{vertical-align:middle;display:inline-block}<\/style>\t\t\t\t\t\t\t\t\t\t\t\t<img loading=\"lazy\" decoding=\"async\" width=\"1024\" height=\"684\" src=\"https:\/\/rovynapp.com\/colegioeccleston.rovynapp.com\/wp-content\/uploads\/2021\/12\/COLEGIO-ECCLESTON-scaled.jpg\" class=\"attachment-large size-large\" alt=\"\" srcset=\"https:\/\/rovynapp.com\/colegioeccleston.rovynapp.com\/wp-content\/uploads\/2021\/12\/COLEGIO-ECCLESTON-scaled.jpg 2560w, https:\/\/rovynapp.com\/colegioeccleston.rovynapp.com\/wp-content\/uploads\/2021\/12\/COLEGIO-ECCLESTON-300x200.jpg 300w\" sizes=\"auto, (max-width: 1024px) 100vw, 1024px\" \/>\t\t\t\t\t\t\t\t\t\t\t\t\t\t\t<\/div>\n\t\t\t\t<\/div>\n\t\t\t\t\t<\/div>\n\t\t<\/div>\n\t\t\t\t\t\t\t<\/div>\n\t\t<\/section>\n\t\t\t\t<section class=\"elementor-section elementor-top-section elementor-element elementor-element-9dc91cc elementor-section-boxed elementor-section-height-default elementor-section-height-default\" data-id=\"9dc91cc\" data-element_type=\"section\">\n\t\t\t\t\t\t\t<div class=\"elementor-background-overlay\"><\/div>\n\t\t\t\t\t\t\t<div class=\"elementor-container elementor-column-gap-default\">\n\t\t\t\t\t<div class=\"elementor-column elementor-col-33 elementor-top-column elementor-element elementor-element-4ca6a0d\" data-id=\"4ca6a0d\" data-element_type=\"column\">\n\t\t\t<div class=\"elementor-widget-wrap elementor-element-populated\">\n\t\t\t\t\t\t\t\t<div class=\"elementor-element elementor-element-2cd1794 elementor-widget elementor-widget-image\" data-id=\"2cd1794\" data-element_type=\"widget\" data-widget_type=\"image.default\">\n\t\t\t\t<div class=\"elementor-widget-container\">\n\t\t\t\t\t\t\t\t\t\t\t\t\t\t\t<img loading=\"lazy\" decoding=\"async\" width=\"463\" height=\"330\" src=\"https:\/\/rovynapp.com\/colegioeccleston.rovynapp.com\/wp-content\/uploads\/2021\/12\/Group-78-3.png\" class=\"attachment-large size-large\" alt=\"\" srcset=\"https:\/\/rovynapp.com\/colegioeccleston.rovynapp.com\/wp-content\/uploads\/2021\/12\/Group-78-3.png 463w, https:\/\/rovynapp.com\/colegioeccleston.rovynapp.com\/wp-content\/uploads\/2021\/12\/Group-78-3-300x214.png 300w\" sizes=\"auto, (max-width: 463px) 100vw, 463px\" \/>\t\t\t\t\t\t\t\t\t\t\t\t\t\t\t<\/div>\n\t\t\t\t<\/div>\n\t\t\t\t\t<\/div>\n\t\t<\/div>\n\t\t\t\t<div class=\"elementor-column elementor-col-33 elementor-top-column elementor-element elementor-element-c5d9522\" data-id=\"c5d9522\" data-element_type=\"column\">\n\t\t\t<div class=\"elementor-widget-wrap elementor-element-populated\">\n\t\t\t\t\t\t\t\t<div class=\"elementor-element elementor-element-1a95cbc elementor-widget elementor-widget-image\" data-id=\"1a95cbc\" data-element_type=\"widget\" data-widget_type=\"image.default\">\n\t\t\t\t<div class=\"elementor-widget-container\">\n\t\t\t\t\t\t\t\t\t\t\t\t\t\t\t<img loading=\"lazy\" decoding=\"async\" width=\"463\" height=\"329\" src=\"https:\/\/rovynapp.com\/colegioeccleston.rovynapp.com\/wp-content\/uploads\/2021\/12\/Group-76-1.png\" class=\"attachment-large size-large\" alt=\"\" srcset=\"https:\/\/rovynapp.com\/colegioeccleston.rovynapp.com\/wp-content\/uploads\/2021\/12\/Group-76-1.png 463w, https:\/\/rovynapp.com\/colegioeccleston.rovynapp.com\/wp-content\/uploads\/2021\/12\/Group-76-1-300x213.png 300w\" sizes=\"auto, (max-width: 463px) 100vw, 463px\" \/>\t\t\t\t\t\t\t\t\t\t\t\t\t\t\t<\/div>\n\t\t\t\t<\/div>\n\t\t\t\t\t<\/div>\n\t\t<\/div>\n\t\t\t\t<div class=\"elementor-column elementor-col-33 elementor-top-column elementor-element elementor-element-c9ba648\" data-id=\"c9ba648\" data-element_type=\"column\">\n\t\t\t<div class=\"elementor-widget-wrap elementor-element-populated\">\n\t\t\t\t\t\t\t\t<div class=\"elementor-element elementor-element-b693b4d elementor-widget elementor-widget-image\" data-id=\"b693b4d\" data-element_type=\"widget\" data-widget_type=\"image.default\">\n\t\t\t\t<div class=\"elementor-widget-container\">\n\t\t\t\t\t\t\t\t\t\t\t\t\t\t\t<img loading=\"lazy\" decoding=\"async\" width=\"463\" height=\"329\" src=\"https:\/\/rovynapp.com\/colegioeccleston.rovynapp.com\/wp-content\/uploads\/2021\/12\/Group-77-2.png\" class=\"attachment-large size-large\" alt=\"\" srcset=\"https:\/\/rovynapp.com\/colegioeccleston.rovynapp.com\/wp-content\/uploads\/2021\/12\/Group-77-2.png 463w, https:\/\/rovynapp.com\/colegioeccleston.rovynapp.com\/wp-content\/uploads\/2021\/12\/Group-77-2-300x213.png 300w\" sizes=\"auto, (max-width: 463px) 100vw, 463px\" \/>\t\t\t\t\t\t\t\t\t\t\t\t\t\t\t<\/div>\n\t\t\t\t<\/div>\n\t\t\t\t\t<\/div>\n\t\t<\/div>\n\t\t\t\t\t\t\t<\/div>\n\t\t<\/section>\n\t\t\t\t<section class=\"elementor-section elementor-top-section elementor-element elementor-element-e010647 elementor-section-boxed elementor-section-height-default elementor-section-height-default\" data-id=\"e010647\" data-element_type=\"section\">\n\t\t\t\t\t\t\t<div class=\"elementor-background-overlay\"><\/div>\n\t\t\t\t\t\t\t<div class=\"elementor-container elementor-column-gap-default\">\n\t\t\t\t\t<div class=\"elementor-column elementor-col-100 elementor-top-column elementor-element elementor-element-c35551f\" data-id=\"c35551f\" data-element_type=\"column\">\n\t\t\t<div class=\"elementor-widget-wrap elementor-element-populated\">\n\t\t\t\t\t\t\t\t<div class=\"elementor-element elementor-element-0b7abe5 elementor-align-center elementor-widget elementor-widget-button\" data-id=\"0b7abe5\" data-element_type=\"widget\" data-widget_type=\"button.default\">\n\t\t\t\t<div class=\"elementor-widget-container\">\n\t\t\t\t\t<div class=\"elementor-button-wrapper\">\n\t\t\t<a href=\"https:\/\/rovynapp.com\/colegioeccleston.rovynapp.com\/contacto\/\" target=\"_blank\" class=\"elementor-button-link elementor-button elementor-size-xl\" role=\"button\">\n\t\t\t\t\t\t<span class=\"elementor-button-content-wrapper\">\n\t\t\t\t\t\t<span class=\"elementor-button-text\">\u00a1PONETE EN CONTACTO CON NOSOTROS!<\/span>\n\t\t<\/span>\n\t\t\t\t\t<\/a>\n\t\t<\/div>\n\t\t\t\t<\/div>\n\t\t\t\t<\/div>\n\t\t\t\t\t<\/div>\n\t\t<\/div>\n\t\t\t\t\t\t\t<\/div>\n\t\t<\/section>\n\t\t\t\t\t\t\t<\/div>\n\t\t","protected":false},"excerpt":{"rendered":"<p>NIVEL INICIAL Somos conscientes que el ingreso y la adaptaci\u00f3n al mundo de la escolarizaci\u00f3n es un paso muy importante para la familia, adultos y ni\u00f1os. Es por eso que desde nuestra vasta trayectoria y pasi\u00f3n por la ense\u00f1anza podemos afirmarles que: -Este es sin duda un momento que marcar\u00e1 el futuro de sus hijos, &hellip;<\/p>\n<p class=\"read-more\"> <a class=\"\" href=\"https:\/\/rovynapp.com\/colegioeccleston.rovynapp.com\/niveles\/\"> <span class=\"screen-reader-text\">Nivel Inicial<\/span> Read More &raquo;<\/a><\/p>\n","protected":false},"author":1,"featured_media":0,"parent":0,"menu_order":0,"comment_status":"closed","ping_status":"closed","template":"","meta":{"site-sidebar-layout":"no-sidebar","site-content-layout":"page-builder","ast-global-header-display":"","ast-main-header-display":"","ast-hfb-above-header-display":"","ast-hfb-below-header-display":"","ast-hfb-mobile-header-display":"","site-post-title":"disabled","ast-breadcrumbs-content":"","ast-featured-img":"disabled","footer-sml-layout":"","theme-transparent-header-meta":"","adv-header-id-meta":"","stick-header-meta":"","header-above-stick-meta":"","header-main-stick-meta":"","header-below-stick-meta":"","footnotes":""},"class_list":["post-158","page","type-page","status-publish","hentry"],"_links":{"self":[{"href":"https:\/\/rovynapp.com\/colegioeccleston.rovynapp.com\/wp-json\/wp\/v2\/pages\/158","targetHints":{"allow":["GET"]}}],"collection":[{"href":"https:\/\/rovynapp.com\/colegioeccleston.rovynapp.com\/wp-json\/wp\/v2\/pages"}],"about":[{"href":"https:\/\/rovynapp.com\/colegioeccleston.rovynapp.com\/wp-json\/wp\/v2\/types\/page"}],"author":[{"embeddable":true,"href":"https:\/\/rovynapp.com\/colegioeccleston.rovynapp.com\/wp-json\/wp\/v2\/users\/1"}],"replies":[{"embeddable":true,"href":"https:\/\/rovynapp.com\/colegioeccleston.rovynapp.com\/wp-json\/wp\/v2\/comments?post=158"}],"version-history":[{"count":269,"href":"https:\/\/rovynapp.com\/colegioeccleston.rovynapp.com\/wp-json\/wp\/v2\/pages\/158\/revisions"}],"predecessor-version":[{"id":2971,"href":"https:\/\/rovynapp.com\/colegioeccleston.rovynapp.com\/wp-json\/wp\/v2\/pages\/158\/revisions\/2971"}],"wp:attachment":[{"href":"https:\/\/rovynapp.com\/colegioeccleston.rovynapp.com\/wp-json\/wp\/v2\/media?parent=158"}],"curies":[{"name":"wp","href":"https:\/\/api.w.org\/{rel}","templated":true}]}}